 = -181736*k + 3816463. What is n(21)?
7
Let a(p) = -9817*p + 323943. Calculate a(33).
-18
Let h(v) = -9*v**3 - 10*v**2 + 10*v - 15. Determine h(-6).
1509
Let w(y) = 30*y**2 - 18*y - 29. Determine w(-10).
3151
Let c(d) = d**3 + 323*d**2 - 7. Determine c(0).
-7
Let u(n) = 17088*n + 78. What is u(0)?
78
Let j(t) = -105*t**2 - 391*t - 14. Calculate j(-5).
-684
Let c(i) = i**3 - 104*i**2 + 397*i - 591. Give c(100).
-891
Let r(i) = -37*i - 35932. What is r(-971)?
-5
Let v(n) = 9497*n**2 - 417870*n + 74. Calculate v(44).
-14
Let s(i) = 62*i**2 - 1094*i + 1644. Calculate s(16).
12
Let z(l) = -54*l**2 - 3914*l + 337. Give z(-72).
2209
Let m(h) = h**2 + 52*h - 3203. Calculate m(35).
-158
Let j(w) = 2*w**2 + 53*w + 65. Calculate j(-24).
-55
Let z(v) = -3184*v - 334696. Determine z(-105).
-376
Let b(u) = 3667*u + 41842. Calculate b(-12).
-2162
Let b(f) = -f**3 + 4*f**2 + 52*f - 58. What is b(-6)?
-10
Let j(s) = 4*s**3 - 31*s**2 + 354*s - 3600. Calculate j(9).
-9
Let m(q) = 2270*q - 7073. Give m(3).
-263
Let k(h) = h**3 + 51*h**2 + 206*h + 2902. Determine k(-48).
-74
Let n(b) = 2260*b + 44601. What is n(-20)?
-599
Let w(g) = g**3 - 139*g**2 - 63*g + 8824. Determine w(139).
67
Let t(m) = -m**2 + 50*m - 611. Give t(24).
13
Let h(j) = -9*j**3 + 17*j**2 + 51*j. Calculate h(-4).
644
Let q(y) = y**3 - 27*y**2 - 186*y + 3589. Determine q(29).
-123
Let l(u) = -u**2 + 55*u + 2041. Give l(-22).
347
Let s(u) = -2*u**3 - 596*u**2 + 1817*u + 3312. What is s(-301)?
1
Let c(f) = -11075*f - 310254. Determine c(-28).
-154
Let h(k) = k**3 - 18*k**2 - 34*k + 22. What is h(21)?
631
Let y(x) = x**3 + 3*x**2 - 274*x - 1843. What is y(-8)?
29
Let b(t) = 351*t - 1217. Give b(4).
187
Let a(b) = b**3 + 353*b**2 + 679*b - 8864. Determine a(-351).
-791
Let d(k) = 4336*k - 19464. What is d(6)?
6552
Let r(j) = 4*j**3 - 51*j**2 - 101*j + 259. Calculate r(14).
-175
Let p(c) = 19493*c + 1481450. What is p(-76)?
-18
Let a(j) = 4*j**3 + 52*j**2 + 133*j - 38. Determine a(-4).
6
Let k(y) = y**3 + 40*y**2 - 72*y - 1082. Calculate k(-41).
189
Let i(r) = -421*r - 151356. Calculate i(-359).
-217
Let b(o) = 3*o**2 + 808*o + 41145. Determine b(-70).
-715
Let j(u) = 5*u**2 + 296*u + 2809. Determine j(-12).
-23
Let z(b) = b**2 - 835*b + 173960. Give z(399).
-4
Let f(h) = -160*h - 25754. Give f(-161).
6
Let s(x) = -126477*x + 126442. Give s(1).
-35
Let c(u) = 80*u**2 + 951*u + 2864. Calculate c(-3).
731
Let f(c) = 5*c**2 + 373*c - 302. What is f(-75)?
-152
Let z(m) = -148*m**2 - 1803*m - 4229. What is z(-9)?
10
Let h(q) = -616*q - 113159. Give h(-183).
-431
Let b(k) = 13060*k - 1985112. Calculate b(152).
8
Let h(z) = 3*z**2 + 124*z + 114. Determine h(-34).
-634
Let i(w) = -48799*w + 9. Give i(0).
9
Let f(h) = -2572*h + 10836. What is f(4)?
548
Let n(h) = 311*h**2 + 258*h - 98. Calculate n(-1).
-45
Let j(a) = -a**3 + 11*a**2 + 77*a + 45. What is j(19)?
-1380
Let y(o) = 2*o**3 - 106*o**2 + 697*o - 2430. Determine y(46).
8
Let h(g) = 14*g**2 - 6052*g + 59127. What is h(10)?
7
Let j(a) = -9857*a - 39454. What is j(-4)?
-26
Let n(p) = -84*p**2 + 707*p + 419. What is n(9)?
-22
Let q(z) = 7*z**3 - 32*z**2 - 11*z + 199. Calculate q(-3).
-245
Let c(w) = 30*w**2 - 2556*w - 2556. What is c(-1)?
30
Let f(u) = -337*u - 33497. Give f(-99).
-134
Let s(b) = -925*b + 113755. What is s(123)?
-20
Let l(g) = -354*g + 13696. Give l(30).
3076
Let u(o) = -o**2 - 186*o + 5921. Give u(27).
170
Let y(q) = 13*q**2 - 118*q - 393. What is y(-4)?
287
Let p(x) = 2*x**2 - 1722*x + 45028. Determine p(27).
-8
Let r(q) = -5*q**3 + 44*q**2 - 98*q + 11. What is r(3)?
-22
Let f(m) = -71107*m + 711078. Give f(10).
8
Let w(t) = 1198*t + 21054. Give w(-17).
688
Let z(v) = -v**3 - 47*v**2 - 586*v + 43. Calculate z(-29).
1899
Let k(b) = 54604*b + 382224. What is k(-7)?
-4
Let x(u) = 26418*u + 6498831. Calculate x(-246).
3
Let j(z) = -181*z**2 + 450*z - 64. Determine j(5).
-2339
Let f(k) = -k**2 + 220*k - 4163. Calculate f(20).
-163
Let m(x) = x**3 + 528*x**2 + 12555*x + 164. What is m(-25)?
664
Let g(r) = -1709*r + 30536. Give g(18).
-226
Let h(b) = -5*b**3 - 444*b**2 + 505*b + 37027. Calculate h(-89).
3
Let j(x) = x**2 + 124401*x + 746374. Determine j(-6).
4
Let t(v) = -v**3 - 7*v**2 + 33*v + 374. Calculate t(-5).
159
Let s(w) = -4326*w + 207657. What is s(48)?
9
Let v(z) = 1068*z**2 - 6603*z + 1146. Determine v(6).
-24
Let g(a) = -21*a**2 + 53*a + 167. Determine g(11).
-1791
Let b(n) = n**3 - 176*n**2 + 3933*n - 837639. Give b(180).
-99
Let p(m) = 3*m**2 - 6*m - 15993. Calculate p(74).
-9
Let q(v) = 362*v**2 + 14842*v + 7. Determine q(-41).
7
Let z(p) = -p**3 - 59*p**2 - 118*p - 658. Determine z(-57).
-430
Let q(o) = -374*o - 2703. Determine q(-5).
-833
Let i(s) = 14*s**2 - 1094*s + 12667. Calculate i(64).
-5
Let k(f) = -1083*f - 8576. Determine k(-7).
-995
Let m(p) = -260*p - 925. Calculate m(-3).
-145
Let f(l) = -3557*l + 3073239. Give f(864).
-9
Let s(u) = -4*u**3 + 46*u**2 + 10*u - 904. Determine s(9).
-4
Let c(q) = 5*q**3 - 5*q**2 + 166*q - 1050. Calculate c(6).
846
Let w(a) = -a**3 + 117*a**2 - 207*a + 694. Give w(115).
3339
Let p(h) = h**3 - 56*h**2 - 349*h + 1306. Calculate p(-8).
2
Let r(s) = -4*s**2 - 17*s + 508. What is r(9)?
31
Let d(r) = -r**3 + 22*r**2 - 127*r + 938. Determine d(17).
224
Let g(a) = -546*a + 16651. What is g(30)?
271
Let a(v) = -v**3 - 17*v**2 - 63*v - 162. Calculate a(-13).
-19
Let k(c) = -c**3 - 67*c**2 - 822*c + 484. Give k(-17).
8
Let f(g) = g**3 - 768*g**2 - 460*g + 353276. What is f(768)?
-4
Let a(k) = k**2 + 466*k + 710. Determine a(0).
710
Let l(z) = 3*z**2 - 606*z + 28046. What is l(72)?
-34
Let u(w) = 348*w + 55639. Determine u(-160).
-41
Let a(s) = 10*s**2 - 96*s + 1763. Give a(18).
3275
Let o(a) = -8*a**3 - 74*a**2 - 30*a - 60. What is o(-8)?
-460
Let u(j) = -96*j**3 + 2*j**2 - 1214*j + 2420. What is u(2)?
-768
Let b(h) = h**3 - 207*h**2 + 1599*h + 1240. What is b(199)?
2633
Let h(x) = x**3 + 162*x**2 + 1796*x - 486. What is h(-150)?
114
Let k(s) = -2*s**3 - 14*s**2 + 3634*s + 2134. What is k(-46)?
18
Let v(x) = 1022*x - 549822. What is v(538)?
14
Let k(h) = -19042*h + 190424. Determine k(10).
4
Let o(x) = x**2 + 3190*x + 310. Calculate o(0).
310
Let p(z) = 129*z**3 - 9*z**2 + 21*z - 7. Calculate p(2).
1031
Let d(g) = 85*g**2 + 1688*g + 3379. Calculate d(-2).
343
Let x(i) = -3*i**3 + 7*i**2 - 794*i + 3976. What is x(5)?
-194
Let z(p) = -12634*p - 75720. Determine z(-6).
84
Let s(y) = -y**3 + 817*y**2 - 165870*y - 3738. Calculate s(377).
32
Let a(h) = -5*h**3 - 4*h**2 - 1472*h + 4421. Calculate a(3).
-166
Let j(n) = -1092*n - 97089. Determine j(-89).
99
Let l(g) = -224*g + 10713. What is l(48)?
-39
Let l(z) = 1300*z + 11721. Calculate l(-9).
21
Let p(k) = -k**2 + 816*k - 140852. Calculate p(252).
1276
Let f(z) = 112817*z - 5753662. Determine f(51).
5
Let i(t) = 3*t**2 - 9*t - 1005. Give i(-17).
15
Let j(r) = 9935*r + 655688. Calculate j(-66).
-22
Let y(g) = -19*g**3 + 137*g**2 - 29*g + 3. Calculate y(7).
-4
Let r(u) = -159818*u - 8630176. Give r(-54).
-4
Let r(v) = 24*v**2 + 117*v - 1196. Determine r(11).
2995
Let p(d) = d**3 + 6*d**2 + 106*d + 281. Determine p(-3).
-10
Let j(g) = g**3 - 156*g**2 - 160*g + 639. Give j(157).
168
Let a(f) = -8*f**3 - 11*f**2 + 47*f - 47. Give a(1).
-19
Let p(u) = u**2 - 238*u - 35607. Determine p(-94).
-4399
Let p(m) = -35190*m - 70400. Give p(-2).
-20
Let j(f) = -675*f - 124699. Calculate j(-185).
176
Let w(m) = -3*m**3 - 118*m**2 - 147*m + 140. What is w(-38)?
-50
Let c(i) = 32792*i - 1746. What is c(0)?
-1746
Let i(t) = 1193*t - 3235. What is i(2)?
-849
Let n(h) = h**3 - 538*h**2 - 1611*h - 6486. Determine n(541).
6
Let g(y) = 420*y + 2760. Calculate g(-5).
660
Let y(n) = -235*n - 6837. Determine y(-21).
-1902
Let r(z) = 3606*z - 234355. Give r(65).
35
Let m(b) = -45*b**2 + 426*b - 868. Calculate m(3).
5
Let q(y) = -y**2 + 5*y + 2232. Calculate q(43).
598
Let p(f) = -9*f**2 - 5512*f + 5513. Give p(1).
-8
Let l(y) = 163*y + 515. Determine l(-3).
26
Let x(u) = u**2 - 147*u + 2172. Give x(130).
-38
Let z(k) = -10*k**3 - 81*k**2 - 142*k - 82. Determine z(-6).
14
Let x(v) = 60*v - 742. What is x(13)?
38
Let b(n) = 7503*n - 1695674. Determine b(226).
4
Let d(f) = -4*f**2 + 3358*f + 390397. Determine d(943).
-5
Let z(i) = 11290*i + 101612. Determine z(-9).
2
Let z(o) 